{"id":8307,"date":"2026-04-30T13:32:31","date_gmt":"2026-04-30T16:32:31","guid":{"rendered":"https:\/\/seguridadsrl.com\/v2\/producto\/botiquin-n-309\/"},"modified":"2026-04-30T13:46:59","modified_gmt":"2026-04-30T16:46:59","slug":"botiquin-n-309","status":"publish","type":"product","link":"https:\/\/seguridadsrl.com\/v2\/producto\/botiquin-n-309\/","title":{"rendered":"Botiqu\u00edn N\u00b0 309"},"content":{"rendered":"<h3>Botiqu\u00edn\u00a0<strong>309<\/strong><\/h3>\n<div class=\"titleline\">\u00a0<\/div>\n<p><strong>Botiquines met\u00e1licos<\/strong><\/p>\n<p>Chapa Pintura Epoxi.<\/p>\n<p><strong>Medidas:\u00a0<\/strong>250 x 165 x 100 mm<\/p>\n<p><strong>Cantidad de productos:\u00a0<\/strong>27<\/p>\n<p><strong>Contenido:<\/strong><\/p>\n<ul>\n<li>7 sobres de gasa est\u00e9ril hidr\u00f3fila en trozos de 10 x 10 cm.<\/li>\n<li>1 sobre de algod\u00f3n hidr\u00f3filo x 70 grs.<\/li>\n<li>2 sobres de alcohol. uso externo.<\/li>\n<li>1 sobre bicarbonato de sodio x 25 grs.<\/li>\n<li>1 venda tipo Cambric orillada x 5 cm. x 3 mts.<\/li>\n<li>1 venda tipo Cambric orillada x 7cm. x 3 mts.<\/li>\n<li>1 x 10 ap\u00f3sito protector adhesivo.<\/li>\n<li>1 tubo de l\u00e1tex para ligaduras.<\/li>\n<li>1 fco. agua oxigenada 10 vol. x 100 cc. uso externo.<\/li>\n<li>1 ap\u00f3sito quir\u00fargico est\u00e9ril.<\/li>\n<li>1 fco. soluci\u00f3n antis\u00e9ptica Timerosal x 60 cc. uso externo.<\/li>\n<li>1 tela adhesiva N\u00b0 5 12.5 mm. x 4 mts.<\/li>\n<li>1 pinza saca astillas.<\/li>\n<li>1 copita lava ojos pl\u00e1stica.<\/li>\n<li>1 jab\u00f3n antis\u00e9ptico x 100 gramos.<\/li>\n<li>2 pares de guantes descartables polietileno.<\/li>\n<li>1 tijera de metal.<\/li>\n<li>1 espejo 14 x 8cm.<\/li>\n<li>1 gu\u00eda de primeros auxilios.<\/li>\n<\/ul>\n","protected":false},"excerpt":{"rendered":"<p>Botiqu\u00edn\u00a0309 \u00a0 Botiquines met\u00e1licos Chapa Pintura Epoxi. Medidas:\u00a0250 x 165 x 100 mm Cantidad de productos:\u00a027 Contenido: 7 sobres de gasa est\u00e9ril hidr\u00f3fila en trozos de 10 x 10 cm. 1 sobre de algod\u00f3n hidr\u00f3filo x 70 grs. 2 sobres de alcohol. uso externo. 1 sobre bicarbonato de sodio x 25 grs. 1 venda tipo [&hellip;]<\/p>\n","protected":false},"featured_media":8308,"template":"","meta":{"_joinchat":[]},"product_brand":[993],"product_cat":[962,961],"product_tag":[],"class_list":{"0":"post-8307","1":"product","2":"type-product","3":"status-publish","4":"has-post-thumbnail","6":"product_brand-otras","7":"product_cat-primeros-auxilios-botiquines","8":"product_cat-primeros-auxilios","10":"first","11":"instock","12":"shipping-taxable","13":"product-type-simple"},"_links":{"self":[{"href":"https:\/\/seguridadsrl.com\/v2\/wp-json\/wp\/v2\/product\/8307","targetHints":{"allow":["GET"]}}],"collection":[{"href":"https:\/\/seguridadsrl.com\/v2\/wp-json\/wp\/v2\/product"}],"about":[{"href":"https:\/\/seguridadsrl.com\/v2\/wp-json\/wp\/v2\/types\/product"}],"wp:featuredmedia":[{"embeddable":true,"href":"https:\/\/seguridadsrl.com\/v2\/wp-json\/wp\/v2\/media\/8308"}],"wp:attachment":[{"href":"https:\/\/seguridadsrl.com\/v2\/wp-json\/wp\/v2\/media?parent=8307"}],"wp:term":[{"taxonomy":"product_brand","embeddable":true,"href":"https:\/\/seguridadsrl.com\/v2\/wp-json\/wp\/v2\/product_brand?post=8307"},{"taxonomy":"product_cat","embeddable":true,"href":"https:\/\/seguridadsrl.com\/v2\/wp-json\/wp\/v2\/product_cat?post=8307"},{"taxonomy":"product_tag","embeddable":true,"href":"https:\/\/seguridadsrl.com\/v2\/wp-json\/wp\/v2\/product_tag?post=8307"}],"curies":[{"name":"wp","href":"https:\/\/api.w.org\/{rel}","templated":true}]}}