{"id":8122,"date":"2026-04-30T13:30:26","date_gmt":"2026-04-30T16:30:26","guid":{"rendered":"https:\/\/seguridadsrl.com\/v2\/producto\/guante-de-nitrilo-puno-elastizado-2\/"},"modified":"2026-04-30T13:43:07","modified_gmt":"2026-04-30T16:43:07","slug":"guante-de-nitrilo-puno-elastizado-2","status":"publish","type":"product","link":"https:\/\/seguridadsrl.com\/v2\/producto\/guante-de-nitrilo-puno-elastizado-2\/","title":{"rendered":"Guante de Nitrilo Pu\u00f1o Elastizado"},"content":{"rendered":"<p><strong>Descripci\u00f3n: <\/strong>Guante Recubierto en Nitrilo ba\u00f1o total de pu\u00f1o elastizado con soporte interno de algod\u00f3n; brinda una protecci\u00f3n excepcional en el trabajo con materiales \u00e1speros y abrasivos. <br \/><strong>Material: <\/strong>NITRILO<br \/>Ofrece una excelente resistencia a las rasgaduras, pinchaduras, perforaciones, grasas y aceites.<\/p>\n","protected":false},"excerpt":{"rendered":"<p>Descripci\u00f3n: Guante Recubierto en Nitrilo ba\u00f1o total de pu\u00f1o elastizado con soporte interno de algod\u00f3n; brinda una protecci\u00f3n excepcional en el trabajo con materiales \u00e1speros y abrasivos. Material: NITRILOOfrece una excelente resistencia a las rasgaduras, pinchaduras, perforaciones, grasas y aceites.<\/p>\n","protected":false},"featured_media":8123,"template":"","meta":{"_joinchat":[]},"product_brand":[1001],"product_cat":[888,895],"product_tag":[],"class_list":{"0":"post-8122","1":"product","2":"type-product","3":"status-publish","4":"has-post-thumbnail","6":"product_brand-bil-vex","7":"product_cat-guantes","8":"product_cat-guantes-nitrilo","10":"first","11":"instock","12":"shipping-taxable","13":"product-type-simple"},"_links":{"self":[{"href":"https:\/\/seguridadsrl.com\/v2\/wp-json\/wp\/v2\/product\/8122","targetHints":{"allow":["GET"]}}],"collection":[{"href":"https:\/\/seguridadsrl.com\/v2\/wp-json\/wp\/v2\/product"}],"about":[{"href":"https:\/\/seguridadsrl.com\/v2\/wp-json\/wp\/v2\/types\/product"}],"wp:featuredmedia":[{"embeddable":true,"href":"https:\/\/seguridadsrl.com\/v2\/wp-json\/wp\/v2\/media\/8123"}],"wp:attachment":[{"href":"https:\/\/seguridadsrl.com\/v2\/wp-json\/wp\/v2\/media?parent=8122"}],"wp:term":[{"taxonomy":"product_brand","embeddable":true,"href":"https:\/\/seguridadsrl.com\/v2\/wp-json\/wp\/v2\/product_brand?post=8122"},{"taxonomy":"product_cat","embeddable":true,"href":"https:\/\/seguridadsrl.com\/v2\/wp-json\/wp\/v2\/product_cat?post=8122"},{"taxonomy":"product_tag","embeddable":true,"href":"https:\/\/seguridadsrl.com\/v2\/wp-json\/wp\/v2\/product_tag?post=8122"}],"curies":[{"name":"wp","href":"https:\/\/api.w.org\/{rel}","templated":true}]}}