{"id":7355,"date":"2026-03-27T10:14:58","date_gmt":"2026-03-27T13:14:58","guid":{"rendered":"https:\/\/seguridadsrl.com\/v2\/product\/equipo-de-liinea-de-aire\/"},"modified":"2026-03-27T11:53:10","modified_gmt":"2026-03-27T14:53:10","slug":"equipo-de-liinea-de-aire","status":"publish","type":"product","link":"https:\/\/seguridadsrl.com\/v2\/product\/equipo-de-liinea-de-aire\/","title":{"rendered":"Equipo de Liinea de aire"},"content":{"rendered":"<p><strong>Equipo de Liinea de aire<\/strong> de <strong>FRAVIDA<\/strong> es una propuesta destacada dentro de la categor\u00eda <strong>Protecci\u00f3n Respiratoria<\/strong>. Equipo de Liinea de aire de FRAVIDA es una soluci\u00f3n orientada a empresas, industrias, talleres y usuarios que buscan calidad, confiabilidad y disponibilidad dentro de la l\u00ednea de protecci\u00f3n respiratoria. Ubicado en la subcategor\u00eda equipos aut\u00f3nomos, este producto est\u00e1 pensado para acompa\u00f1ar tareas cotidianas y exigentes donde la seguridad, la comodidad de uso y la correcta elecci\u00f3n del equipo marcan una diferencia real.<\/p>\n<p>Entre los datos m\u00e1s relevantes del producto se destacan los siguientes puntos:<\/p>\n<ul>\n<li>Equipo de l\u00ednea de aire para espacios confinados<\/li>\n<li>El equipo est\u00e1 compuesto por<\/li>\n<li>1. Art. 7500 Filtro de aire tipo 5000 cc<\/li>\n<li>Consta de 2 etapas con cilindros y tapas de acero inoxidable, sujetas con esp\u00e1rragos ajustados con tuercas de bronce tipo ciegas y juntas de caucho; conector a manifold de 2 salidas con conectores r\u00e1pidos tipo bayoneta para acoplar las mangueras conductoras del aire filtrado<\/li>\n<li>En su interior se alojan dos unidades filtrantes recambiables, conteniendo elementos filtrantes construidos en material sint\u00e9tico cardado, tipo fieltro y lechos intercalados; por un lado, un cilindro de carb\u00f3n activado compactado, de Di\u00e1m. ext= 9 cm, y Di\u00e1m. int= 6 cm, con una altura de 24 cm. y un peso de 562 g. , conformando una sola pieza de exclusivo dise\u00f1o y alta eficiencia de retenci\u00f3n (\u00fanico modelo en su tipo), estando este elemento alojado en una c\u00e1psula pl\u00e1stica de conexi\u00f3n al manifold de salida; y por el otro lado de cal sodada y silicagel, trabajando en secuencia para suministrar aire respirable al usuario<\/li>\n<li>V\u00e1lvula de accionamiento manual en la \u00faltima etapa para drenaje del filtro<\/li>\n<\/ul>\n<p>Al evaluar <strong>Equipo de Liinea de aire<\/strong>, conviene considerar su aplicaci\u00f3n espec\u00edfica, el entorno de trabajo, la compatibilidad con otros elementos de seguridad y el nivel de exigencia de la tarea. En rubros industriales, log\u00edsticos, de mantenimiento, construcci\u00f3n y servicios, elegir correctamente un art\u00edculo de <strong>Protecci\u00f3n Respiratoria<\/strong> ayuda a mejorar la protecci\u00f3n, ordenar la operaci\u00f3n diaria y mantener un est\u00e1ndar profesional de compra.<\/p>\n","protected":false},"excerpt":{"rendered":"<p><strong>Equipo de l&iacute; nea de aire para espacios confinados. <\/strong><\/p>\n<p>&nbsp;<\/p>\n<p>&nbsp;<\/p>\n<p><span style=\"text-decoration: underline\"><strong>El equipo est&aacute; compuesto por:<\/strong><\/span><\/p>\n<p><strong>1. Art. 7500 Filtro de aire tipo 5000 cc.<\/strong><br \/>Consta de 2 etapas con cilindros y tapas de acero inoxidable, sujetas con esp&aacute; rragos ajustados con tuercas de bronce tipo ciegas y juntas de caucho; conector a manifold de 2 salidas con conectores r&aacute; pidos tipo bayoneta para acoplar las mangueras conductoras del aire filtrado.<\/p>\n<p>En su interior se alojan dos unidades filtrantes recambiables, conteniendo elementos filtrantes construidos en material sint&eacute; tico cardado, tipo fieltro y lechos intercalados; por un lado, un cilindro de carb&oacute; n activado&nbsp; &nbsp; compactado, de Di&aacute; m. &nbsp; ext= 9 cm, y Di&aacute; m. int= 6 cm, con una altura de 24 cm. y un peso de 562 g. , conformando una sola pieza de exclusivo dise&ntilde; o y alta eficiencia de retenci&oacute; n (&uacute; nico modelo en su tipo), &nbsp; estando este elemento alojado en una c&aacute; psula pl&aacute; stica de conexi&oacute; n al manifold de salida; y por el otro lado de cal sodada y silicagel, trabajando en secuencia para suministrar aire respirable al usuario.<\/p>\n<p>V&aacute; lvula de accionamiento manual en la &uacute; ltima etapa para drenaje del filtro.<\/p>\n<p><strong>2. Art. 7510\/7515<\/strong><br \/>Filtro coalescente cicl&oacute; nico con regulador de presi&oacute; n.<br \/>Son filtros coalescentes para retenci&oacute; n de part&iacute; culas s&oacute; lidas y l&iacute; quidas (agua y aceite).<br \/>En el Art. 7515, El regulador de presi&oacute; n permite entregar presi&oacute; n constante, una vez establecida &eacute; sta.<br \/>Se incluye un man&oacute; metro indicador de presi&oacute; n y drenaje autom&aacute; tico.<\/p>\n<p><strong>3. Art. 7600 \/ TR 2002<\/strong><br \/>V&aacute; lvula reductora a demanda (NAC. ) con m&aacute; scara FULL FACE SPASCIANI ( Certif. CE -EN)<\/p>\n","protected":false},"featured_media":7356,"template":"","meta":{"_joinchat":[]},"product_brand":[997],"product_cat":[923,913],"product_tag":[],"class_list":{"0":"post-7355","1":"product","2":"type-product","3":"status-publish","4":"has-post-thumbnail","6":"product_brand-fravida","7":"product_cat-proteccion-respiratoria-equipos-autonomos","8":"product_cat-proteccion-respiratoria","10":"first","11":"instock","12":"shipping-taxable","13":"product-type-simple"},"yoast_head":"<!-- This site is optimized with the Yoast SEO plugin v27.4 - https:\/\/yoast.com\/product\/yoast-seo-wordpress\/ -->\n<title>Equipo de Liinea de aire | FRAVIDA | Seguridad SRL<\/title>\n<meta name=\"description\" content=\"Compr\u00e1 Equipo de Liinea de aire de FRAVIDA en Seguridad SRL. Soluci\u00f3n de protecci\u00f3n respiratoria con ficha t\u00e9cnica y datos para cotizaci\u00f3n.\" \/>\n<meta name=\"robots\" content=\"index, follow, max-snippet:-1, max-image-preview:large, max-video-preview:-1\" \/>\n<link rel=\"canonical\" href=\"https:\/\/seguridadsrl.com\/v2\/product\/equipo-de-liinea-de-aire\/\" \/>\n<meta property=\"og:locale\" content=\"es_ES\" \/>\n<meta property=\"og:type\" content=\"article\" \/>\n<meta property=\"og:title\" content=\"Equipo de Liinea de aire | FRAVIDA | Seguridad SRL\" \/>\n<meta property=\"og:description\" content=\"Compr\u00e1 Equipo de Liinea de aire de FRAVIDA en Seguridad SRL. Soluci\u00f3n de protecci\u00f3n respiratoria con ficha t\u00e9cnica y datos para cotizaci\u00f3n.\" \/>\n<meta property=\"og:url\" content=\"https:\/\/seguridadsrl.com\/v2\/product\/equipo-de-liinea-de-aire\/\" \/>\n<meta property=\"og:site_name\" content=\"Seguridad S.R.L. Elementos de Seguridad Industrial\" \/>\n<meta property=\"article:modified_time\" content=\"2026-03-27T14:53:10+00:00\" \/>\n<meta property=\"og:image\" content=\"https:\/\/seguridadsrl.com\/v2\/wp-content\/uploads\/2026\/03\/MNNJe-big.jpg\" \/>\n\t<meta property=\"og:image:width\" content=\"532\" \/>\n\t<meta property=\"og:image:height\" content=\"366\" \/>\n\t<meta property=\"og:image:type\" content=\"image\/jpeg\" \/>\n<meta name=\"twitter:card\" content=\"summary_large_image\" \/>\n<meta name=\"twitter:label1\" content=\"Tiempo de lectura\" \/>\n\t<meta name=\"twitter:data1\" content=\"2 minutos\" \/>\n<script type=\"application\/ld+json\" class=\"yoast-schema-graph\">{\"@context\":\"https:\\\/\\\/schema.org\",\"@graph\":[{\"@type\":\"WebPage\",\"@id\":\"https:\\\/\\\/seguridadsrl.com\\\/v2\\\/product\\\/equipo-de-liinea-de-aire\\\/\",\"url\":\"https:\\\/\\\/seguridadsrl.com\\\/v2\\\/product\\\/equipo-de-liinea-de-aire\\\/\",\"name\":\"Equipo de Liinea de aire | FRAVIDA | Seguridad SRL\",\"isPartOf\":{\"@id\":\"https:\\\/\\\/seguridadsrl.com\\\/v2\\\/#website\"},\"primaryImageOfPage\":{\"@id\":\"https:\\\/\\\/seguridadsrl.com\\\/v2\\\/product\\\/equipo-de-liinea-de-aire\\\/#primaryimage\"},\"image\":{\"@id\":\"https:\\\/\\\/seguridadsrl.com\\\/v2\\\/product\\\/equipo-de-liinea-de-aire\\\/#primaryimage\"},\"thumbnailUrl\":\"https:\\\/\\\/seguridadsrl.com\\\/v2\\\/wp-content\\\/uploads\\\/2026\\\/03\\\/MNNJe-big.jpg\",\"datePublished\":\"2026-03-27T13:14:58+00:00\",\"dateModified\":\"2026-03-27T14:53:10+00:00\",\"description\":\"Compr\u00e1 Equipo de Liinea de aire de FRAVIDA en Seguridad SRL. Soluci\u00f3n de protecci\u00f3n respiratoria con ficha t\u00e9cnica y datos para cotizaci\u00f3n.\",\"breadcrumb\":{\"@id\":\"https:\\\/\\\/seguridadsrl.com\\\/v2\\\/product\\\/equipo-de-liinea-de-aire\\\/#breadcrumb\"},\"inLanguage\":\"es-AR\",\"potentialAction\":[{\"@type\":\"ReadAction\",\"target\":[\"https:\\\/\\\/seguridadsrl.com\\\/v2\\\/product\\\/equipo-de-liinea-de-aire\\\/\"]}]},{\"@type\":\"ImageObject\",\"inLanguage\":\"es-AR\",\"@id\":\"https:\\\/\\\/seguridadsrl.com\\\/v2\\\/product\\\/equipo-de-liinea-de-aire\\\/#primaryimage\",\"url\":\"https:\\\/\\\/seguridadsrl.com\\\/v2\\\/wp-content\\\/uploads\\\/2026\\\/03\\\/MNNJe-big.jpg\",\"contentUrl\":\"https:\\\/\\\/seguridadsrl.com\\\/v2\\\/wp-content\\\/uploads\\\/2026\\\/03\\\/MNNJe-big.jpg\",\"width\":532,\"height\":366,\"caption\":\"Equipo de Liinea de aire | FRAVIDA | Protecci\u00f3n Respiratoria\"},{\"@type\":\"BreadcrumbList\",\"@id\":\"https:\\\/\\\/seguridadsrl.com\\\/v2\\\/product\\\/equipo-de-liinea-de-aire\\\/#breadcrumb\",\"itemListElement\":[{\"@type\":\"ListItem\",\"position\":1,\"name\":\"Inicio\",\"item\":\"https:\\\/\\\/seguridadsrl.com\\\/v2\\\/\"},{\"@type\":\"ListItem\",\"position\":2,\"name\":\"Productos\",\"item\":\"https:\\\/\\\/seguridadsrl.com\\\/v2\\\/productos\\\/\"},{\"@type\":\"ListItem\",\"position\":3,\"name\":\"Equipo de Liinea de aire\"}]},{\"@type\":\"WebSite\",\"@id\":\"https:\\\/\\\/seguridadsrl.com\\\/v2\\\/#website\",\"url\":\"https:\\\/\\\/seguridadsrl.com\\\/v2\\\/\",\"name\":\"Seguridad SRL - Elementos de seguridad industrial\",\"description\":\"Elementos de Seguridad Industrial\",\"publisher\":{\"@id\":\"https:\\\/\\\/seguridadsrl.com\\\/v2\\\/#organization\"},\"alternateName\":\"Elementos de seguridad industrial\",\"potentialAction\":[{\"@type\":\"SearchAction\",\"target\":{\"@type\":\"EntryPoint\",\"urlTemplate\":\"https:\\\/\\\/seguridadsrl.com\\\/v2\\\/?s={search_term_string}\"},\"query-input\":{\"@type\":\"PropertyValueSpecification\",\"valueRequired\":true,\"valueName\":\"search_term_string\"}}],\"inLanguage\":\"es-AR\"},{\"@type\":\"Organization\",\"@id\":\"https:\\\/\\\/seguridadsrl.com\\\/v2\\\/#organization\",\"name\":\"Seguridad SRL - Elementos de seguridad industrial\",\"url\":\"https:\\\/\\\/seguridadsrl.com\\\/v2\\\/\",\"logo\":{\"@type\":\"ImageObject\",\"inLanguage\":\"es-AR\",\"@id\":\"https:\\\/\\\/seguridadsrl.com\\\/v2\\\/#\\\/schema\\\/logo\\\/image\\\/\",\"url\":\"https:\\\/\\\/seguridadsrl.com\\\/v2\\\/wp-content\\\/uploads\\\/2026\\\/03\\\/blanco.png\",\"contentUrl\":\"https:\\\/\\\/seguridadsrl.com\\\/v2\\\/wp-content\\\/uploads\\\/2026\\\/03\\\/blanco.png\",\"width\":400,\"height\":68,\"caption\":\"Seguridad SRL - Elementos de seguridad industrial\"},\"image\":{\"@id\":\"https:\\\/\\\/seguridadsrl.com\\\/v2\\\/#\\\/schema\\\/logo\\\/image\\\/\"}}]}<\/script>\n<!-- \/ Yoast SEO plugin. -->","yoast_head_json":{"title":"Equipo de Liinea de aire | FRAVIDA | Seguridad SRL","description":"Compr\u00e1 Equipo de Liinea de aire de FRAVIDA en Seguridad SRL. Soluci\u00f3n de protecci\u00f3n respiratoria con ficha t\u00e9cnica y datos para cotizaci\u00f3n.","robots":{"index":"index","follow":"follow","max-snippet":"max-snippet:-1","max-image-preview":"max-image-preview:large","max-video-preview":"max-video-preview:-1"},"canonical":"https:\/\/seguridadsrl.com\/v2\/product\/equipo-de-liinea-de-aire\/","og_locale":"es_ES","og_type":"article","og_title":"Equipo de Liinea de aire | FRAVIDA | Seguridad SRL","og_description":"Compr\u00e1 Equipo de Liinea de aire de FRAVIDA en Seguridad SRL. Soluci\u00f3n de protecci\u00f3n respiratoria con ficha t\u00e9cnica y datos para cotizaci\u00f3n.","og_url":"https:\/\/seguridadsrl.com\/v2\/product\/equipo-de-liinea-de-aire\/","og_site_name":"Seguridad S.R.L. Elementos de Seguridad Industrial","article_modified_time":"2026-03-27T14:53:10+00:00","og_image":[{"width":532,"height":366,"url":"https:\/\/seguridadsrl.com\/v2\/wp-content\/uploads\/2026\/03\/MNNJe-big.jpg","type":"image\/jpeg"}],"twitter_card":"summary_large_image","twitter_misc":{"Tiempo de lectura":"2 minutos"},"schema":{"@context":"https:\/\/schema.org","@graph":[{"@type":"WebPage","@id":"https:\/\/seguridadsrl.com\/v2\/product\/equipo-de-liinea-de-aire\/","url":"https:\/\/seguridadsrl.com\/v2\/product\/equipo-de-liinea-de-aire\/","name":"Equipo de Liinea de aire | FRAVIDA | Seguridad SRL","isPartOf":{"@id":"https:\/\/seguridadsrl.com\/v2\/#website"},"primaryImageOfPage":{"@id":"https:\/\/seguridadsrl.com\/v2\/product\/equipo-de-liinea-de-aire\/#primaryimage"},"image":{"@id":"https:\/\/seguridadsrl.com\/v2\/product\/equipo-de-liinea-de-aire\/#primaryimage"},"thumbnailUrl":"https:\/\/seguridadsrl.com\/v2\/wp-content\/uploads\/2026\/03\/MNNJe-big.jpg","datePublished":"2026-03-27T13:14:58+00:00","dateModified":"2026-03-27T14:53:10+00:00","description":"Compr\u00e1 Equipo de Liinea de aire de FRAVIDA en Seguridad SRL. Soluci\u00f3n de protecci\u00f3n respiratoria con ficha t\u00e9cnica y datos para cotizaci\u00f3n.","breadcrumb":{"@id":"https:\/\/seguridadsrl.com\/v2\/product\/equipo-de-liinea-de-aire\/#breadcrumb"},"inLanguage":"es-AR","potentialAction":[{"@type":"ReadAction","target":["https:\/\/seguridadsrl.com\/v2\/product\/equipo-de-liinea-de-aire\/"]}]},{"@type":"ImageObject","inLanguage":"es-AR","@id":"https:\/\/seguridadsrl.com\/v2\/product\/equipo-de-liinea-de-aire\/#primaryimage","url":"https:\/\/seguridadsrl.com\/v2\/wp-content\/uploads\/2026\/03\/MNNJe-big.jpg","contentUrl":"https:\/\/seguridadsrl.com\/v2\/wp-content\/uploads\/2026\/03\/MNNJe-big.jpg","width":532,"height":366,"caption":"Equipo de Liinea de aire | FRAVIDA | Protecci\u00f3n Respiratoria"},{"@type":"BreadcrumbList","@id":"https:\/\/seguridadsrl.com\/v2\/product\/equipo-de-liinea-de-aire\/#breadcrumb","itemListElement":[{"@type":"ListItem","position":1,"name":"Inicio","item":"https:\/\/seguridadsrl.com\/v2\/"},{"@type":"ListItem","position":2,"name":"Productos","item":"https:\/\/seguridadsrl.com\/v2\/productos\/"},{"@type":"ListItem","position":3,"name":"Equipo de Liinea de aire"}]},{"@type":"WebSite","@id":"https:\/\/seguridadsrl.com\/v2\/#website","url":"https:\/\/seguridadsrl.com\/v2\/","name":"Seguridad SRL - Elementos de seguridad industrial","description":"Elementos de Seguridad Industrial","publisher":{"@id":"https:\/\/seguridadsrl.com\/v2\/#organization"},"alternateName":"Elementos de seguridad industrial","potentialAction":[{"@type":"SearchAction","target":{"@type":"EntryPoint","urlTemplate":"https:\/\/seguridadsrl.com\/v2\/?s={search_term_string}"},"query-input":{"@type":"PropertyValueSpecification","valueRequired":true,"valueName":"search_term_string"}}],"inLanguage":"es-AR"},{"@type":"Organization","@id":"https:\/\/seguridadsrl.com\/v2\/#organization","name":"Seguridad SRL - Elementos de seguridad industrial","url":"https:\/\/seguridadsrl.com\/v2\/","logo":{"@type":"ImageObject","inLanguage":"es-AR","@id":"https:\/\/seguridadsrl.com\/v2\/#\/schema\/logo\/image\/","url":"https:\/\/seguridadsrl.com\/v2\/wp-content\/uploads\/2026\/03\/blanco.png","contentUrl":"https:\/\/seguridadsrl.com\/v2\/wp-content\/uploads\/2026\/03\/blanco.png","width":400,"height":68,"caption":"Seguridad SRL - Elementos de seguridad industrial"},"image":{"@id":"https:\/\/seguridadsrl.com\/v2\/#\/schema\/logo\/image\/"}}]}},"_links":{"self":[{"href":"https:\/\/seguridadsrl.com\/v2\/wp-json\/wp\/v2\/product\/7355","targetHints":{"allow":["GET"]}}],"collection":[{"href":"https:\/\/seguridadsrl.com\/v2\/wp-json\/wp\/v2\/product"}],"about":[{"href":"https:\/\/seguridadsrl.com\/v2\/wp-json\/wp\/v2\/types\/product"}],"wp:featuredmedia":[{"embeddable":true,"href":"https:\/\/seguridadsrl.com\/v2\/wp-json\/wp\/v2\/media\/7356"}],"wp:attachment":[{"href":"https:\/\/seguridadsrl.com\/v2\/wp-json\/wp\/v2\/media?parent=7355"}],"wp:term":[{"taxonomy":"product_brand","embeddable":true,"href":"https:\/\/seguridadsrl.com\/v2\/wp-json\/wp\/v2\/product_brand?post=7355"},{"taxonomy":"product_cat","embeddable":true,"href":"https:\/\/seguridadsrl.com\/v2\/wp-json\/wp\/v2\/product_cat?post=7355"},{"taxonomy":"product_tag","embeddable":true,"href":"https:\/\/seguridadsrl.com\/v2\/wp-json\/wp\/v2\/product_tag?post=7355"}],"curies":[{"name":"wp","href":"https:\/\/api.w.org\/{rel}","templated":true}]}}